{"id":14,"date":"2020-06-20T18:36:30","date_gmt":"2020-06-20T18:36:30","guid":{"rendered":"https:\/\/christoph-lohmann.de\/?page_id=14"},"modified":"2020-06-23T18:58:06","modified_gmt":"2020-06-23T18:58:06","slug":"impressum","status":"publish","type":"page","link":"https:\/\/christoph-lohmann.de\/?page_id=14","title":{"rendered":"Impressum"},"content":{"rendered":"\t\t<div data-elementor-type=\"wp-page\" data-elementor-id=\"14\" class=\"elementor elementor-14\">\n\t\t\t\t\t\t<section class=\"elementor-section elementor-top-section elementor-element elementor-element-004121a elementor-section-boxed elementor-section-height-default elementor-section-height-default\" data-id=\"004121a\" data-element_type=\"section\" data-e-type=\"section\">\n\t\t\t\t\t\t<div class=\"elementor-container elementor-column-gap-default\">\n\t\t\t\t\t<div class=\"elementor-column elementor-col-100 elementor-top-column elementor-element elementor-element-20541ee\" data-id=\"20541ee\" data-element_type=\"column\" data-e-type=\"column\">\n\t\t\t<div class=\"elementor-widget-wrap elementor-element-populated\">\n\t\t\t\t\t\t<div class=\"elementor-element elementor-element-44d6bac elementor-widget elementor-widget-text-editor\" data-id=\"44d6bac\" data-element_type=\"widget\" data-e-type=\"widget\" data-widget_type=\"text-editor.default\">\n\t\t\t\t<div class=\"elementor-widget-container\">\n\t\t\t\t\t\t\t\t\t<p style=\"text-align: justify;\"><span style=\"font-family: Verdana; font-size: small;\">Gesetzlich vorgeschriebene Angaben:<\/span><br \/><br \/><span style=\"font-family: Verdana; font-size: small;\">Der Rechtsanwalt Christoph Lohmann ist Mitglied der Rechtsanwaltskammer Koblenz (Aufsichtsbeh\u00f6rde).<br \/><br \/>Die Berufsbezeichnung Rechtsanwalt ist vom Pr\u00e4sidenten der Rechtsanwaltskammer Koblenz (Deutschland) verliehen worden. Die T\u00e4tigkeit des Rechtsanwalts ist in der Bundesrechtsanwaltsordnung (BRAO), dem Rechtsanwaltsverg\u00fctungsgesetz (RVG) und der Berufsordnung f\u00fcr Rechtsanw\u00e4lte (BORA) geregelt. Diese Vorschriften k\u00f6nnen \u00fcber die Bundesrechtsanwaltskammer bezogen werden. Die einschl\u00e4gigen berufsrechtlichen Regelungen finden Sie\u00a0<a title=\"Berufsrechtliche Regelungen\" href=\"http:\/\/www.brak.de\/\" target=\"_blank\" rel=\"noopener\">hier<\/a>!<br \/><br \/><br \/>Verantwortlich f\u00fcr diese Internetseite und deren Inhalt:<br \/>Christoph Lohmann, Pfarrer-Kraus-Stra\u00dfe 75, 56077 Koblenz<br \/><br \/><\/span><\/p><p style=\"text-align: justify;\"><span style=\"font-family: Verdana; font-size: small;\">Berufshaftpflichtversicherung:<br \/><\/span><span style=\"font-family: Verdana; font-size: small;\">R+V Allgemeine Versicherung AG<br \/><\/span><span style=\"font-family: Verdana; font-size: small;\">Raiffeisenplatz 1, 65198 Wiesbaden<br \/><\/span><span style=\"font-family: Verdana; font-size: small;\">R\u00e4umlicher Geltungsbereich: im gesamten<br \/><\/span><span style=\"font-family: Verdana; font-size: small;\">EU-Gebiet und den Staaten des Abkommens<\/span><span style=\"font-family: Verdana; font-size: small;\"><br \/><\/span><span style=\"font-family: Verdana; font-size: small;\">\u00fcber den Europ\u00e4ischen Wirtschaftsraum.<br \/><br \/><br \/><\/span><\/p><p style=\"text-align: justify;\"><span style=\"font-family: Verdana; font-size: small;\">Plattform der EU zur au\u00dfergerichtlichen Online-Streitbeilegung:<br \/><\/span><span style=\"font-family: Verdana; font-size: small;\"><a href=\"http:\/\/ec.europa.eu\/consumers\/odr\" target=\"_blank\" rel=\"noopener\">http:\/\/ec.europa.eu\/consumers\/odr<\/a><\/span><\/p><p style=\"text-align: justify;\"><span style=\"font-family: Verdana; font-size: small;\"><br \/><br \/><br \/><\/span><span style=\"font-family: Verdana; font-size: small;\">WebDesign: Internetagentur\u00a0<a title=\"IP-Scout\" href=\"http:\/\/www.ip-scout.de\" target=\"_blank\" rel=\"noopener\">IP-Scout Sascha Wa\u00dfeige, Koblenz<\/a><\/span><\/p>\t\t\t\t\t\t\t\t<\/div>\n\t\t\t\t<\/div>\n\t\t\t\t\t<\/div>\n\t\t<\/div>\n\t\t\t\t\t<\/div>\n\t\t<\/section>\n\t\t\t\t<\/div>\n\t\t","protected":false},"excerpt":{"rendered":"<p>Gesetzlich vorgeschriebene Angaben: Der Rechtsanwalt Christoph Lohmann ist Mitglied der Rechtsanwaltskammer Koblenz (Aufsichtsbeh\u00f6rde). Die Berufsbezeichnung Rechtsanwalt ist vom Pr\u00e4sidenten der Rechtsanwaltskammer Koblenz (Deutschland) verliehen worden. Die T\u00e4tigkeit des Rechtsanwalts ist in der Bundesrechtsanwaltsordnung (BRAO), dem Rechtsanwaltsverg\u00fctungsgesetz (RVG) und der Berufsordnung f\u00fcr Rechtsanw\u00e4lte (BORA) geregelt. Diese Vorschriften k\u00f6nnen \u00fcber die Bundesrechtsanwaltskammer bezogen werden. Die einschl\u00e4gigen berufsrechtlichen [&hellip;]<\/p>\n","protected":false},"author":1,"featured_media":0,"parent":0,"menu_order":0,"comment_status":"closed","ping_status":"closed","template":"page-fullwidth.php","meta":{"footnotes":""},"class_list":["post-14","page","type-page","status-publish","hentry"],"yoast_head":"<!-- This site is optimized with the Yoast SEO plugin v25.6 - https:\/\/yoast.com\/wordpress\/plugins\/seo\/ -->\n<title>Impressum - Christoph Lohmann<\/title>\n<meta name=\"robots\" content=\"index, follow, max-snippet:-1, max-image-preview:large, max-video-preview:-1\" \/>\n<link rel=\"canonical\" href=\"https:\/\/christoph-lohmann.de\/?page_id=14\" \/>\n<meta property=\"og:locale\" content=\"de_DE\" \/>\n<meta property=\"og:type\" content=\"article\" \/>\n<meta property=\"og:title\" content=\"Impressum - Christoph Lohmann\" \/>\n<meta property=\"og:description\" content=\"Gesetzlich vorgeschriebene Angaben: Der Rechtsanwalt Christoph Lohmann ist Mitglied der Rechtsanwaltskammer Koblenz (Aufsichtsbeh\u00f6rde). Die Berufsbezeichnung Rechtsanwalt ist vom Pr\u00e4sidenten der Rechtsanwaltskammer Koblenz (Deutschland) verliehen worden. Die T\u00e4tigkeit des Rechtsanwalts ist in der Bundesrechtsanwaltsordnung (BRAO), dem Rechtsanwaltsverg\u00fctungsgesetz (RVG) und der Berufsordnung f\u00fcr Rechtsanw\u00e4lte (BORA) geregelt. Diese Vorschriften k\u00f6nnen \u00fcber die Bundesrechtsanwaltskammer bezogen werden. Die einschl\u00e4gigen berufsrechtlichen [&hellip;]\" \/>\n<meta property=\"og:url\" content=\"https:\/\/christoph-lohmann.de\/?page_id=14\" \/>\n<meta property=\"og:site_name\" content=\"Christoph Lohmann\" \/>\n<meta property=\"article:modified_time\" content=\"2020-06-23T18:58:06+00:00\" \/>\n<meta name=\"twitter:card\" content=\"summary_large_image\" \/>\n<meta name=\"twitter:label1\" content=\"Gesch\u00e4tzte Lesezeit\" \/>\n\t<meta name=\"twitter:data1\" content=\"1\u00a0Minute\" \/>\n<script type=\"application\/ld+json\" class=\"yoast-schema-graph\">{\"@context\":\"https:\/\/schema.org\",\"@graph\":[{\"@type\":\"WebPage\",\"@id\":\"https:\/\/christoph-lohmann.de\/?page_id=14\",\"url\":\"https:\/\/christoph-lohmann.de\/?page_id=14\",\"name\":\"Impressum - Christoph Lohmann\",\"isPartOf\":{\"@id\":\"https:\/\/christoph-lohmann.de\/#website\"},\"datePublished\":\"2020-06-20T18:36:30+00:00\",\"dateModified\":\"2020-06-23T18:58:06+00:00\",\"breadcrumb\":{\"@id\":\"https:\/\/christoph-lohmann.de\/?page_id=14#breadcrumb\"},\"inLanguage\":\"de\",\"potentialAction\":[{\"@type\":\"ReadAction\",\"target\":[\"https:\/\/christoph-lohmann.de\/?page_id=14\"]}]},{\"@type\":\"BreadcrumbList\",\"@id\":\"https:\/\/christoph-lohmann.de\/?page_id=14#breadcrumb\",\"itemListElement\":[{\"@type\":\"ListItem\",\"position\":1,\"name\":\"Startseite\",\"item\":\"https:\/\/christoph-lohmann.de\/\"},{\"@type\":\"ListItem\",\"position\":2,\"name\":\"Impressum\"}]},{\"@type\":\"WebSite\",\"@id\":\"https:\/\/christoph-lohmann.de\/#website\",\"url\":\"https:\/\/christoph-lohmann.de\/\",\"name\":\"Christoph Lohmann\",\"description\":\"\",\"potentialAction\":[{\"@type\":\"SearchAction\",\"target\":{\"@type\":\"EntryPoint\",\"urlTemplate\":\"https:\/\/christoph-lohmann.de\/?s={search_term_string}\"},\"query-input\":{\"@type\":\"PropertyValueSpecification\",\"valueRequired\":true,\"valueName\":\"search_term_string\"}}],\"inLanguage\":\"de\"}]}<\/script>\n<!-- \/ Yoast SEO plugin. -->","yoast_head_json":{"title":"Impressum - Christoph Lohmann","robots":{"index":"index","follow":"follow","max-snippet":"max-snippet:-1","max-image-preview":"max-image-preview:large","max-video-preview":"max-video-preview:-1"},"canonical":"https:\/\/christoph-lohmann.de\/?page_id=14","og_locale":"de_DE","og_type":"article","og_title":"Impressum - Christoph Lohmann","og_description":"Gesetzlich vorgeschriebene Angaben: Der Rechtsanwalt Christoph Lohmann ist Mitglied der Rechtsanwaltskammer Koblenz (Aufsichtsbeh\u00f6rde). Die Berufsbezeichnung Rechtsanwalt ist vom Pr\u00e4sidenten der Rechtsanwaltskammer Koblenz (Deutschland) verliehen worden. Die T\u00e4tigkeit des Rechtsanwalts ist in der Bundesrechtsanwaltsordnung (BRAO), dem Rechtsanwaltsverg\u00fctungsgesetz (RVG) und der Berufsordnung f\u00fcr Rechtsanw\u00e4lte (BORA) geregelt. Diese Vorschriften k\u00f6nnen \u00fcber die Bundesrechtsanwaltskammer bezogen werden. Die einschl\u00e4gigen berufsrechtlichen [&hellip;]","og_url":"https:\/\/christoph-lohmann.de\/?page_id=14","og_site_name":"Christoph Lohmann","article_modified_time":"2020-06-23T18:58:06+00:00","twitter_card":"summary_large_image","twitter_misc":{"Gesch\u00e4tzte Lesezeit":"1\u00a0Minute"},"schema":{"@context":"https:\/\/schema.org","@graph":[{"@type":"WebPage","@id":"https:\/\/christoph-lohmann.de\/?page_id=14","url":"https:\/\/christoph-lohmann.de\/?page_id=14","name":"Impressum - Christoph Lohmann","isPartOf":{"@id":"https:\/\/christoph-lohmann.de\/#website"},"datePublished":"2020-06-20T18:36:30+00:00","dateModified":"2020-06-23T18:58:06+00:00","breadcrumb":{"@id":"https:\/\/christoph-lohmann.de\/?page_id=14#breadcrumb"},"inLanguage":"de","potentialAction":[{"@type":"ReadAction","target":["https:\/\/christoph-lohmann.de\/?page_id=14"]}]},{"@type":"BreadcrumbList","@id":"https:\/\/christoph-lohmann.de\/?page_id=14#breadcrumb","itemListElement":[{"@type":"ListItem","position":1,"name":"Startseite","item":"https:\/\/christoph-lohmann.de\/"},{"@type":"ListItem","position":2,"name":"Impressum"}]},{"@type":"WebSite","@id":"https:\/\/christoph-lohmann.de\/#website","url":"https:\/\/christoph-lohmann.de\/","name":"Christoph Lohmann","description":"","potentialAction":[{"@type":"SearchAction","target":{"@type":"EntryPoint","urlTemplate":"https:\/\/christoph-lohmann.de\/?s={search_term_string}"},"query-input":{"@type":"PropertyValueSpecification","valueRequired":true,"valueName":"search_term_string"}}],"inLanguage":"de"}]}},"_links":{"self":[{"href":"https:\/\/christoph-lohmann.de\/index.php?rest_route=\/wp\/v2\/pages\/14"}],"collection":[{"href":"https:\/\/christoph-lohmann.de\/index.php?rest_route=\/wp\/v2\/pages"}],"about":[{"href":"https:\/\/christoph-lohmann.de\/index.php?rest_route=\/wp\/v2\/types\/page"}],"author":[{"embeddable":true,"href":"https:\/\/christoph-lohmann.de\/index.php?rest_route=\/wp\/v2\/users\/1"}],"replies":[{"embeddable":true,"href":"https:\/\/christoph-lohmann.de\/index.php?rest_route=%2Fwp%2Fv2%2Fcomments&post=14"}],"version-history":[{"count":3,"href":"https:\/\/christoph-lohmann.de\/index.php?rest_route=\/wp\/v2\/pages\/14\/revisions"}],"predecessor-version":[{"id":65,"href":"https:\/\/christoph-lohmann.de\/index.php?rest_route=\/wp\/v2\/pages\/14\/revisions\/65"}],"wp:attachment":[{"href":"https:\/\/christoph-lohmann.de\/index.php?rest_route=%2Fwp%2Fv2%2Fmedia&parent=14"}],"curies":[{"name":"wp","href":"https:\/\/api.w.org\/{rel}","templated":true}]}}